{"id":95,"date":"2021-09-25T16:03:19","date_gmt":"2021-09-25T14:03:19","guid":{"rendered":"https:\/\/domainedmsdebah.com\/?page_id=95"},"modified":"2021-09-27T12:47:17","modified_gmt":"2021-09-27T10:47:17","slug":"adhesion","status":"publish","type":"page","link":"https:\/\/domainedmsdebah.com\/index.php\/adhesion\/","title":{"rendered":"Adh\u00e9sion"},"content":{"rendered":"\n<p><span class=\"has-inline-color has-black-color\">Vous pouvez adh\u00e9rer \u00e0 notre association <strong>les Amis du ch\u00e2teau de la Gautherie<\/strong> en remplissant le formulaire d&rsquo;inscription directement sur cette page. <\/span><\/p>\n\n\n\n<p><span class=\"has-inline-color has-black-color\">Le paiement de l&rsquo;adh\u00e9sion ce fait en ligne de fa\u00e7on totalement s\u00e9curis\u00e9 via l&rsquo;organisme <strong>HelloAsso<\/strong>.<\/span> <\/p>\n\n\n\n<p><span class=\"has-inline-color has-black-color\">Votre adh\u00e9sion permet \u00e0 notre association de fonctionner quotidiennement pour maintenir en \u00e9tat <strong>le ch\u00e2teau de la Gautherie<\/strong>, son parc arbor\u00e9 et ses d\u00e9pendances. Nous existons uniquement gr\u00e2ce \u00e0 nos b\u00e9n\u00e9voles et aux donations priv\u00e9es.<\/span> <\/p>\n\n\n\n<p><strong><span class=\"has-inline-color has-black-color\">Aidez-nous \u00e0 redonner vie \u00e0 ce lieu magique rempli d&rsquo;histoires.<\/span><\/strong> <\/p>\n\n\n\n<div style=\"height:20px\" aria-hidden=\"true\" class=\"wp-block-spacer\"><\/div>\n\n\n<p style=\"text-align: center;\"><iframe id=\"haWidget\" style=\"width: 100%; height: 750px; border: none;\" src=\"https:\/\/www.helloasso.com\/associations\/les-amis-du-chateau-de-la-gautherie\/adhesions\/bulletin-d-adhesion\/widget\" scrolling=\"auto\"><\/iframe><\/p>\n\n\n<div style=\"height:100px\" aria-hidden=\"true\" class=\"wp-block-spacer\"><\/div>\n\n\n\n<p><strong><span class=\"has-inline-color has-black-color\">HelloAsso : site internet 100% s\u00e9curis\u00e9<\/span><\/strong><\/p>\n\n\n\n<p><span class=\"has-inline-color has-black-color\">Toutes les informations bancaires pour traiter le paiement sont crypt\u00e9es gr\u00e2ce au protocole SSL. Elles ne sont en aucun cas conserv\u00e9es sur nos syst\u00e8mes informatiques. La transaction sera valid\u00e9e par 3D secure.<\/span><\/p>\n\n\n\n<p><strong><span class=\"has-inline-color has-black-color\">Respect de la vie priv\u00e9e<\/span><\/strong><\/p>\n\n\n\n<p><span class=\"has-inline-color has-black-color\">Conform\u00e9ment \u00e0 la loi \u00ab\u00a0informatique et libert\u00e9s\u00a0\u00bb du 6 janvier 1978, vous b\u00e9n\u00e9ficiez d&rsquo;un droit d&rsquo;information, d&rsquo;acc\u00e8s et de rectification des donn\u00e9es qui vous concernent, que vous pouvez exercer en nous en adressant la demande.<\/span>&nbsp;<\/p>\n\n\n\n<div style=\"height:200px\" aria-hidden=\"true\" class=\"wp-block-spacer\"><\/div>\n\n\n\n<div class=\"wp-block-image\"><figure class=\"aligncenter size-medium is-resized\"><img loading=\"lazy\" decoding=\"async\" src=\"https:\/\/domainedmsdebah.com\/wp-content\/uploads\/2021\/09\/AACG-Carte-de-visite-VERSO-300x191.jpg\" alt=\"\" class=\"wp-image-92\" width=\"225\" height=\"143\" srcset=\"https:\/\/domainedmsdebah.com\/wp-content\/uploads\/2021\/09\/AACG-Carte-de-visite-VERSO-300x191.jpg 300w, https:\/\/domainedmsdebah.com\/wp-content\/uploads\/2021\/09\/AACG-Carte-de-visite-VERSO-1024x651.jpg 1024w, https:\/\/domainedmsdebah.com\/wp-content\/uploads\/2021\/09\/AACG-Carte-de-visite-VERSO-768x488.jpg 768w, https:\/\/domainedmsdebah.com\/wp-content\/uploads\/2021\/09\/AACG-Carte-de-visite-VERSO-1536x976.jpg 1536w, https:\/\/domainedmsdebah.com\/wp-content\/uploads\/2021\/09\/AACG-Carte-de-visite-VERSO-94x60.jpg 94w, https:\/\/domainedmsdebah.com\/wp-content\/uploads\/2021\/09\/AACG-Carte-de-visite-VERSO.jpg 2008w\" sizes=\"auto, (max-width: 225px) 100vw, 225px\" \/><\/figure><\/div>\n\n\n\n<p><\/p>\n","protected":false},"excerpt":{"rendered":"<p>Vous pouvez adh\u00e9rer \u00e0 notre association les Amis du ch\u00e2teau de la Gautherie en remplissant le formulaire d&rsquo;inscription directement sur cette page. Le paiement de l&rsquo;adh\u00e9sion ce fait en ligne de fa\u00e7on totalement s\u00e9curis\u00e9 via l&rsquo;organisme HelloAsso. Votre adh\u00e9sion permet \u00e0 notre association de fonctionner &hellip; <\/p>\n","protected":false},"author":1,"featured_media":0,"parent":0,"menu_order":0,"comment_status":"closed","ping_status":"closed","template":"","meta":{"footnotes":""},"class_list":["post-95","page","type-page","status-publish","hentry"],"_links":{"self":[{"href":"https:\/\/domainedmsdebah.com\/index.php\/wp-json\/wp\/v2\/pages\/95","targetHints":{"allow":["GET"]}}],"collection":[{"href":"https:\/\/domainedmsdebah.com\/index.php\/wp-json\/wp\/v2\/pages"}],"about":[{"href":"https:\/\/domainedmsdebah.com\/index.php\/wp-json\/wp\/v2\/types\/page"}],"author":[{"embeddable":true,"href":"https:\/\/domainedmsdebah.com\/index.php\/wp-json\/wp\/v2\/users\/1"}],"replies":[{"embeddable":true,"href":"https:\/\/domainedmsdebah.com\/index.php\/wp-json\/wp\/v2\/comments?post=95"}],"version-history":[{"count":14,"href":"https:\/\/domainedmsdebah.com\/index.php\/wp-json\/wp\/v2\/pages\/95\/revisions"}],"predecessor-version":[{"id":306,"href":"https:\/\/domainedmsdebah.com\/index.php\/wp-json\/wp\/v2\/pages\/95\/revisions\/306"}],"wp:attachment":[{"href":"https:\/\/domainedmsdebah.com\/index.php\/wp-json\/wp\/v2\/media?parent=95"}],"curies":[{"name":"wp","href":"https:\/\/api.w.org\/{rel}","templated":true}]}}